pose 2 = -4*u - 2, -t*l = -u - 8516. Is l composite?
True
Let n = 822 - 868. Is (-23253)/n*(0 - (-6)/9) a prime number?
True
Let y = -21 + 26. Let q be 1/y*1 + 19/5. Suppose -q*f + 379 = -3*f. Is f a composite number?
False
Is (1 + -1 + -1)*-864244*(-10)/(-40) a prime number?
True
Let m = 47 - 47. Suppose -b = -m - 6. Is (-27)/b*(-1 - 2182/6) composite?
True
Let c = -125 - -130. Let b(g) = -g**3 + 16*g**2 + 3*g - 3. Is b(c) prime?
False
Let n = 129880 - 86445. Suppose 47*u + 10958 - n = 0. Is u a composite number?
False
Suppose -9*i + 6 = -15*i. Let q be 3 - 2 - 2/i. Suppose 0 = q*b + 4*u - 345, -u = u - 6. Is b composite?
True
Suppose 2*s = -4*h, -31*s + 28*s = -h. Suppose 10*w + w - 99187 = s. Is w a prime number?
False
Let o(n) = 102 + 3*n + 2*n + 28 + 73 - 1. Is o(23) prime?
True
Let s be (-55396)/6*(-54)/(-36). Let y = s - -23310. Is y a composite number?
False
Let w(a) = a**2 - 9*a + 3. Let p = 6 + 4. Let y be w(p). Let g(z) = 22*z**2 + 17*z + 4. Is g(y) a prime number?
True
Suppose -v - 3*v = -4*b + 218216, 0 = -2*v - 2. Is b prime?
False
Let s = -1808 - -7317. Suppose 8*d - s = d. Is d composite?
False
Let v(d) = -791*d + 41. Suppose y + 3*y + 48 = 3*a, -3*y + 5*a = 36. Is v(y) prime?
True
Let v = -172 + 187. Is 260665/25 + 6/v a prime number?
True
Let j be (-3)/(-1) + 8/((-8)/(-3)). Suppose 0 = 4*k + 2*l - 4382, -11*l + 9*l = j. Is k prime?
True
Let i be 63/12 - 2/8. Suppose 6640 = i*g + 350. Suppose 3*f - s = -4*s + 756, -5*f = 3*s - g. Is f composite?
False
Let y be 1 + -4*(27/(-2) - 0). Let j(l) = 59 + 4 - 15 + y*l - 12*l. Is j(11) prime?
True
Suppose -5*g + 11309 = t, -3*g = -0*t + 3*t - 33927. Let r = -5706 + t. Is r a prime number?
False
Let q(w) = 17*w - 231 + 3*w**2 - 232 - 42*w**3 + 464. Is q(-6) prime?
False
Let s be -9*-12*10/135. Let z(k) = 51*k - 155. Is z(s) a prime number?
False
Suppose -104552 = -4*q + 2*c, c = -2*q - 32969 + 85233. Is q prime?
False
Let o = -165 + 167. Suppose -4*v + 3184 = u - o*v, -5*u + 15995 = -5*v. Is u a prime number?
False
Let f(g) = g**3 + g**2 - 11*g + 117701. Is f(0) prime?
True
Suppose 10*i = 8*i + 32. Is (8923/17 - 4) + i/136 a composite number?
False
Let n = 173 - 371. Let k be n/24 + (-6)/8. Is k*(-3 - (-128)/(-12)) a prime number?
False
Let j = 216 - 204. Is 3/((3/(-6))/((-93266)/j)) a composite number?
False
Is (185/(-10))/37*-53206 composite?
True
Let k = 658 - 632. Suppose 2*w = 31*o - k*o + 16113, w - 3*o = 8056. Is w a composite number?
False
Suppose -w - 5*a = 11, 5*w - 4 = 2*a - 5. Is (-2220 + w)*3*(-21)/9 a prime number?
False
Is (118/2)/(290/21170) prime?
False
Let j = 514 + -543. Is (j + 26)*(-5458)/6 a composite number?
False
Let v be ((-18)/(-27))/(1*(-4)/(-71088)). Suppose -v - 36759 = -13*z. Is z a prime number?
True
Suppose -10*s - 54 = 17*s. Is s*(6/(-27) - 874840/144) composite?
True
Let m(r) = -33*r - 37. Let p = -65 - -67. Let k be 1*-6 + p + 25 + -39. Is m(k) prime?
True
Suppose -25 - 23 = 3*t. Let x = 16 + t. Is 1/(x + (-4)/(-2588)) composite?
False
Suppose -3*f + f + 4*u = -8, -2*f - 2*u + 2 = 0. Suppose 0 = -f*i + 350 + 1584. Is i composite?
False
Let s(q) = -q**3 + 9*q**2 + 9*q + 7. Let a be s(10). Let o(k) = -k**2 - 8*k - 15. Let m be o(a). Suppose m = -4*p - 325 + 1737. Is p prime?
True
Suppose -14*s - 5*s + 656655 = -4*s. Is s composite?
False
Let r(w) = -67374*w + 889. Is r(-20) composite?
True
Let h(t) = -t**3 + 46*t**2 - t + 185. Is h(24) prime?
False
Suppose -9*s = -13*s - 4*h + 423776, -529700 = -5*s + 5*h. Suppose -16*l = -10*l - s. Is l a prime number?
True
Let z(g) = 6786*g**2 - 12*g - 1. Is z(3) prime?
False
Let w(h) = 54*h**2 + 288*h + 8813. Is w(-36) a composite number?
True
Is (-3 + 10/6)/((-537262960)/(-33578940) - 16) a composite number?
False
Let r be 2589/15 - 2/(-5). Let j = r - -357. Let z = 43 + j. Is z composite?
True
Let p(s) = 686*s + 26. Let u be p(10). Suppose -u - 9744 = -5*d. Is d a prime number?
False
Let l(i) = 13*i**2 + 32*i - 235. Is l(22) a composite number?
False
Suppose -4*j - 12 = 0, -4*q + 4*j + 6299 = -j. Suppose 474 - q = -m. Is m composite?
False
Let u(c) = -4 + 1 - 379*c - 2 - 113*c. Is u(-1) a composite number?
False
Let j(n) = -17*n**2 - 101*n + 153. Let l(r) = 6*r**2 + 34*r - 51. Let k(a) = 2*j(a) + 7*l(a). Is k(-26) prime?
True
Suppose 0 = 2*l - f - 15 + 2, -3*f = -l + 9. Suppose -6*i = 3*g - i - 1942, 3*i - l = 0. Is -1 + g - (-3)/(18/(-12)) prime?
True
Is ((-28)/((-7)/1))/22 + 5674945/55 a prime number?
False
Let z = 32 - 28. Suppose 5*l = 3*b, -z*l + 17 = b - 0*l. Suppose b*j = j + 764. Is j prime?
True
Suppose 4*x + d - 1859 = 0, -5*x = -0*x + 2*d - 2320. Suppose 4*v - 2 = -5*r + 3*r, -4*r - 4*v = -8. Is r + x + -4*(-4)/8 composite?
True
Let j be (-17 + -1 + -2)/(2/7). Is 415*(j/(-25))/7 a prime number?
False
Suppose i = -6*w + 1606628 - 563991, -2*w = -i - 347547. Is w a composite number?
False
Let t(a) = -a**2 - 7*a - 1. Let x be t(-7). Let h be (x + 0)*(-4 - -5 - 8). Suppose 5*y - 2*z - 5045 = 0, 0 = 3*z - h - 8. Is y a composite number?
True
Let l(v) = 11 - 2530*v + 1 - 4042*v + 1327*v. Is l(-1) a composite number?
True
Suppose 0 = 5*a + 5*d - 39490, -80*a - 3*d + 39488 = -75*a. Is a prime?
False
Let h(g) = 2*g + 3. Let n be h(-6). Let j = n + 14. Suppose -43 = -j*x - 5*i + 332, -2*i = -3*x + 205. Is x a composite number?
False
Let b(y) = 10912*y**3 + y**2 + 4*y + 3. Let v be b(-1). Let k = v - -16383. Is k a prime number?
True
Suppose 324 = 467*v - 463*v. Suppose v*y = 88*y - 15463. Is y composite?
True
Let x = -138695 + 194356. Is x prime?
True
Let p = 6707 - -14255. Suppose 0*v + 4*t - p = -2*v, -3*v - 2*t = -31455. Is v a composite number?
False
Let g(m) = 24 + 300*m + 10 + 139. Is g(17) prime?
True
Let z(o) = 21*o**3 - 16*o**2 + 15*o - 37. Let b be z(13). Is b/7 - 26/91 a prime number?
False
Let t be 2/9 + 1958564/(-1062). Let h = 3057 + t. Is h a composite number?
False
Let y = 96245 - -229806. Is y prime?
False
Suppose 0 = 3*k - 5*g - 49228, 20*k - 4*g = 22*k - 32826. Is k a prime number?
True
Let f = 216 + -213. Suppose 0 = -4*h - 4, -2*h + 4746 = f*j + h. Is j composite?
False
Let v(l) = l**3 - 4*l**2 + 2*l + 1. Let t be v(2). Let b(a) = 45*a**2 - 2*a - 9. Let d be b(t). Is d/(-4)*(-12)/9 a composite number?
True
Suppose b - 2 = 0, u - 3*b + 10 = b. Let h be -63*15/(-2)*u. Is 1/(h/(-471) - 2) a composite number?
False
Let n(b) = -8*b**3 - 38*b**2 - 11*b - 14. Is n(-9) composite?
True
Let d = -43272 - -209987. Is d a composite number?
True
Let l(g) = 19*g**2 + 39*g + 14. Let y be l(-12). Let p = y - 1167. Is p prime?
False
Let c be 136/6 - 2/(-6). Suppose 0 = b + n + 4, -4*b - 5*n + 6 - c = 0. Is 863 - (b + 0 + 1) composite?
True
Let w = -166843 - -358256. Is w composite?
False
Let n(f) be the second derivative of -f**4/12 - 8*f**3/3 + f**2 + 18*f. Let r be n(-9). Is 39/r + (-4844)/(-10) a prime number?
False
Suppose 4*r - 140 = 5*g + r, -2*g - 3*r - 56 = 0. Is 60040/6 - g/84 composite?
False
Let v = 351068 - 46063. Is v composite?
True
Let k(c) = c**3 - 10*c**2 + 6*c + 2. Let x be k(7). Let f = x + 83. Is (f/(-12))/((-4)/(-132)) composite?
True
Suppose -3*g = -g + 4, -4*n + g = -10. Suppose n*b = 4*d + 763 + 3873, d + 6959 = 3*b. Suppose -4*z - 4*r = -b, -1157 = z - 3*z + r. Is z a composite number?
True
Let m(w) = -3*w**2 - 64*w - 544. Let t be m(-55). Let u = t + 11281. Is u a prime number?
False
Suppose 0 = -290*v + 27*v + 285406811. Is v a prime number?
True
Let h(d) = 375*d**2 + 12*d - 62. Let l be h(6). Let y = l - 8321. Is y a composite number?
False
Let t = 75 + -75. Is (t + -2)*233212/(-56) composite?
False
Let n(o) = 116 + 11*o + 123*o**2 + 0*o - 160 - 33*o**2. Is n(-9) prime?
False
Let c = 889 + -7521. Let z = c + 11349. Is z composite?
True
Suppose -32810 - 24948 = -2*q - 5*y, -115516 = -4*q + 5*y. Is q composite?
False
Suppose 7160 = -40*s + 44*s. Let h = 5083 - s. Is h composite?
True
Let m = -6 - -3. Is (-4)/(-10) - (61890/(-25) + m) a prime number?
False
Let c = -4557 + 7901. Let l = 1239 + c. Is l a prime number?
True
Let o(l) = 97*l**3 - l**2 - 3*l - 2. Let x be o(-1). Let q = x + 405. Let j = q + -117. Is j a prime number?
True
Let r be 5 - 3 - 10*(2 + 5). Let t = -65 - r. Is 429/t + 0 - (-3)/1 composite?
True
Let j(o) = o**2 + 6*o + 9. Let k be j(-2). Is 3 - (k + -6086 - (-17 